the remainder when 72098 is divided by 345.
338
What is the remainder when 10373 is divided by 225?
23
Calculate the remainder when 1179 is divided by 564.
51
Calculate the remainder when 68110 is divided by 68108.
2
What is the remainder when 5680 is divided by 34?
2
Calculate the remainder when 20733 is divided by 68.
61
Calculate the remainder when 9330 is divided by 405.
15
Calculate the remainder when 9411 is divided by 19.
6
What is the remainder when 361 is divided by 28?
25
Calculate the remainder when 498023 is divided by 68.
59
What is the remainder when 18423 is divided by 185?
108
What is the remainder when 1532 is divided by 1514?
18
Calculate the remainder when 13474 is divided by 49.
48
What is the remainder when 1096900 is divided by 81?
79
Calculate the remainder when 5182 is divided by 2586.
10
What is the remainder when 13374576 is divided by 31?
29
What is the remainder when 7000238 is divided by 1016?
1014
Calculate the remainder when 18423 is divided by 196.
195
Calculate the remainder when 15655 is divided by 30.
25
What is the remainder when 10173 is divided by 675?
48
Calculate the remainder when 35636 is divided by 1886.
1688
What is the remainder when 710374 is divided by 355181?
12
What is the remainder when 237027 is divided by 19752?
3
Calculate the remainder when 32924 is divided by 168.
164
Calculate the remainder when 98120 is divided by 28.
8
What is the remainder when 4630 is divided by 2786?
1844
What is the remainder when 1194814 is divided by 98?
96
Calculate the remainder when 12918 is divided by 1415.
183
Calculate the remainder when 5412 is divided by 1799.
15
Calculate the remainder when 9793 is divided by 7.
0
Calculate the remainder when 84794 is divided by 43.
41
Calculate the remainder when 5898 is divided by 958.
150
What is the remainder when 44213 is divided by 220?
213
Calculate the remainder when 166052 is divided by 173.
145
What is the remainder when 70139 is divided by 662?
629
What is the remainder when 976 is divided by 799?
177
Calculate the remainder when 17412 is divided by 5800.
12
What is the remainder when 181889 is divided by 206?
197
What is the remainder when 30006 is divided by 967?
29
What is the remainder when 10350 is divided by 45?
0
Calculate the remainder when 61832 is divided by 966.
8
What is the remainder when 125648 is divided by 12?
8
What is the remainder when 1600556 is divided by 195?
191
What is the remainder when 12169 is divided by 461?
183
Calculate the remainder when 459535 is divided by 229761.
13
Calculate the remainder when 18283 is divided by 3499.
788
What is the remainder when 153910 is divided by 51303?
1
What is the remainder when 480318 is divided by 16010?
18
What is the remainder when 201 is divided by 24?
9
What is the remainder when 22797 is divided by 40?
37
Calculate the remainder when 6303 is divided by 556.
187
What is the remainder when 53076 is divided by 31?
4
What is the remainder when 90631 is divided by 364?
359
What is the remainder when 9007 is divided by 7?
5
What is the remainder when 70139 is divided by 30?
29
What is the remainder when 10734 is divided by 182?
178
What is the remainder when 423 is divided by 162?
99
What is the remainder when 313680 is divided by 47?
2
What is the remainder when 83004 is divided by 539?
537
What is the remainder when 131773 is divided by 35?
33
Calculate the remainder when 28835 is divided by 958.
95
What is the remainder when 49907 is divided by 16619?
50
Calculate the remainder when 19450 is divided by 174.
136
What is the remainder when 11613 is divided by 528?
525
What is the remainder when 8549 is divided by 71?
29
What is the remainder when 26587 is divided by 34?
33
What is the remainder when 12832 is divided by 32?
0
What is the remainder when 30758 is divided by 15373?
12
What is the remainder when 323500 is divided by 6?
4
Calculate the remainder when 6477 is divided by 3.
0
Calculate the remainder when 475929 is divided by 13.
12
Calculate the remainder when 96720 is divided by 1362.
18
What is the remainder when 15715 is divided by 3142?
5
What is the remainder when 683 is divided by 153?
71
Calculate the remainder when 727 is divided by 40.
7
What is the remainder when 13148 is divided by 6558?
32
Calculate the remainder when 661232 is divided by 220408.
8
What is the remainder when 183842 is divided by 5252?
22
What is the remainder when 27907 is divided by 63?
61
Calculate the remainder when 10233 is divided by 44.
25
What is the remainder when 20479 is divided by 85?
79
What is the remainder when 67921 is divided by 441?
7
What is the remainder when 5336 is divided by 3?
2
Calculate the remainder when 138617 is divided by 153.
152
Calculate the remainder when 20067 is divided by 979.
487
What is the remainder when 44087 is divided by 630?
617
Calculate the remainder when 27900 is divided by 109.
105
What is the remainder when 3703 is divided by 1548?
607
Calculate the remainder when 920 is divided by 887.
33
Calculate the remainder when 11758 is divided by 655.
623
What is the remainder when 7622 is divided by 332?
318
What is the remainder when 18380 is divided by 259?
250
What is the remainder when 61463 is divided by 230?
53
What is the remainder when 1252 is divided by 308?
20
What is the remainder when 2050 is divided by 14?
6
Calculate the remainder when 20419 is divided by 353.
298
What is the remainder when 220582 is divided by 156?
154
Calculate the remainder when 6218738 is divided by 220.
218
What is the remainder when 280577 is divided by 200?
177
Calculate the remainder when 4022 is divided by 563.
81
What is the remainder when 645465 is divided by 35?
30
Calculate the remainder when 4588 is divided by 1406.
370
What is the remainder when 25593 is divided by 8528?
9
What is the remainder when 376 is divided by 288?
88
What is the remainder when 3027 is divided by 525?
402
Calculate the remainder when 134275 is divided by 22373.
37
What is the remainder when 129127 is divided by 16127?
111
What is the remainder when 3463 is divided by 1718?
27
What is the remainder when 33149 is divided by 130?
129
Calculate the remainder when 70556 is divided by 10078.
10
What is the remainder when 10332 is divided by 5142?
48
Calculate the remainder when 29697 is divided by 35.
17
What is the remainder when 112448 is divided by 459?
452
What is the remainder when 9521 is divided by 1581?
35
What is the remainder when 33967 is divided by 580?
327
What is the remainder when 12915 is divided by 1838?
49
What is the remainder when 25194 is divided by 2517?
24
Calculate the remainder when 4794 is divided by 1588.
30
Calculate the remainder when 11513 is divided by 384.
377
What is the remainder when 45819 is divided by 22893?
33
Calculate the remainder when 3768 is divided by 66.
6
Calculate the remainder when 115621 is divided by 185.
181
What is the remainder when 27397 is divided by 832?
773
Calculate the remainder when 69127 is divided by 3005.
12
What is the remainder when 2010 is divided by 335?
0
What is the remainder when 1369879 is divided by 184?
183
Calculate the remainder when 189599 is divided by 1036.
11
What is the remainder when 226070 is divided by 77?
75
Calculate the remainder when 3823 is divided by 483.
442
What is the remainder when 19733 is divided by 153?
149
What is the remainder when 9216 is divided by 861?
606
Calculate the remainder when 15709 is divided by 1208.
5
Calculate the remainder when 36032 is divided by 44.
40
Calculate the remainder when 480393 is divided by 400.
393
What is the remainder when 6288 is divided by 3140?
8
Calculate the remainder when 38111 is divided by 34.
31
What is the remainder when 5673 is divided by 203?
192
Calculate the remainder when 132604 is divided by 1700.
4
Calculate the remainder when 8816 is divided by 1101.
8
Calculate the remainder when 2611 is divided by 3.
1
What is the remainder when 43956 is divided by 117?
81
What is the remainder when 109570 is divided by 735?
55
Calculate the remainder when 29731 is divided by 44.
31
Calculate the remainder when 13413 is divided by 85.
68
Calculate the remainder when 16653 is divided by 40.
13
What is the remainder when 235158 is divided by 49?
7
Calculate the remainder when